{"id":76,"date":"2016-04-01T10:10:49","date_gmt":"2016-04-01T10:10:49","guid":{"rendered":"https:\/\/designcommando.hu\/redesign\/?page_id=76"},"modified":"2016-04-27T12:22:10","modified_gmt":"2016-04-27T12:22:10","slug":"home-staging","status":"publish","type":"page","link":"https:\/\/designcommando.hu\/?page_id=76","title":{"rendered":"Home staging"},"content":{"rendered":"<div class=\"column w300 col1\">\n<h4 class=\"first\"><img loading=\"lazy\" decoding=\"async\" class=\"aligncenter wp-image-169 size-full\" src=\"https:\/\/designcommando.hu\/redesign\/wp-content\/uploads\/2016\/04\/home-staging-small.jpg\" alt=\"home-staging-small\" width=\"660\" height=\"180\" srcset=\"https:\/\/designcommando.hu\/wp-content\/uploads\/2016\/04\/home-staging-small.jpg 660w, https:\/\/designcommando.hu\/wp-content\/uploads\/2016\/04\/home-staging-small-300x82.jpg 300w\" sizes=\"(max-width: 660px) 100vw, 660px\" \/><\/h4>\n<h4 class=\"first\">Ingatlan elad\u00e1s \u00e9s ingatlan \u00e9rt\u00e9kes\u00edt\u00e9s k\u00f6zt hatalmas k\u00fcl\u00f6nbs\u00e9g van!<\/h4>\n<p>Aki elad, \u00fagy gondolkodik, hogy itt van, ilyen, ha tetszik, h\u00e1t vedd meg. Az elad\u00f3 teljesen a v\u00e9letlenre b\u00edzza, hogy valakinek pont ilyen ingatlanra van-e sz\u00fcks\u00e9ge. Azonban aki \u00e9rt\u00e9kes\u00edt, az nem b\u00edzza a v\u00e9letlenre: olyat \u00e1rul, amire a vev\u0151nek sz\u00fcks\u00e9ge van! Az \u00e9rt\u00e9kes\u00edt\u0151 igyekszik vonz\u00f3v\u00e1, a vev\u0151 ig\u00e9nyeit kiel\u00e9g\u00edt\u0151v\u00e9 tenni az ingatlant. Ezzel megk\u00f6nny\u00edti a vev\u0151 d\u00f6nt\u00e9s\u00e9t, ami rendk\u00edv\u00fcli m\u00f3don felgyors\u00edtja az \u00e9rt\u00e9kes\u00edt\u00e9s folyamat\u00e1t! Nem kell felt\u00e9tlen\u00fcl jelent\u0151s fel\u00faj\u00edt\u00e1sra gondolni.<\/p>\n<h4>A kevesebb sokszor t\u00f6bb!<\/h4>\n<p>N\u00e9ha az is csod\u00e1t m\u0171vel, ha a t\u00falzs\u00fafolt, m\u00e1sok szem\u00e9ben csak kacatnak t\u0171n\u0151 b\u00fatorokb\u00f3l, kieg\u00e9sz\u00edt\u0151kb\u0151l, d\u00edszekb\u0151l elvisz\u00fcnk egy p\u00e1rat, harmonikus sz\u00edneket \u00e1ll\u00edtunk \u00f6ssze f\u00fcgg\u00f6nyb\u0151l, sz\u0151nyegb\u0151l, esetleg egy gyors fest\u00e9ssel a falakat is felfriss\u00edtj\u00fck. Net\u00e1n p\u00e1r friss szoban\u00f6v\u00e9nnyel \u00e9letet visz\u00fcnk a lak\u00e1sba. Bingo! Ez a home staging (HS) l\u00e9nyege! Mi ezekhez \u00e9rt\u00fcnk igaz\u00e1n!<\/p>\n<p>A home staging k\u00f6zel h\u00e1rom \u00e9vtized alatt bebizony\u00edtotta, hogy sokszorosan megt\u00e9r\u00fcl, ha az ingatlanra elad\u00e1s el\u0151tt kisebb \u00f6sszeget ford\u00edtasz.<\/p>\n<\/div>\n<div class=\"column w300 col2\">\n<p>Val\u00f3ban furcs\u00e1n hangzik, hisz mindenki ink\u00e1bb az ingatlan \u00e1r\u00e1t szeretn\u00e9 megkapni, mintsem m\u00e9g k\u00f6lteni r\u00e1! Viszont nem mindenki tekint ugyan\u00fagy az eladni tervezett h\u00e1zadra, lak\u00e1sodra, mint te! Neked ez volt eddig az otthonod, esetleg net\u00e1n \u00e9pp meg\u00f6r\u00f6k\u00f6lted. B\u00e1rhogy is, tele vagy pozit\u00edv el\u0151\u00edt\u00e9letekkel, ett\u0151l esetleg nem veszed \u00e9szre az ingatlan hib\u00e1it. M\u00e1s viszont azonnal kisz\u00farja azokat! Lehet, hogy a te \u00edzl\u00e9sednek t\u00f6k\u00e9letesen megfelel a szob\u00e1k hangulata, sz\u00ednvil\u00e1ga, a b\u00fatorok \u00e9s a d\u00edszek, de nem biztos, hogy m\u00e1s is ilyen otthont szeretne.<\/p>\n<h4>Tudod, az els\u0151 benyom\u00e1s mindenn\u00e9l fontosabb!<\/h4>\n<p>Nincs mindig m\u00e1sodik es\u00e9ly. Ha a vev\u0151 kis\u00e9t\u00e1lt, m\u00e1r az \u00e9giek kez\u00e9ben van az \u00fczlet! Ragadd h\u00e1t meg azt a p\u00e1r percet, m\u00edg k\u00f6rben\u00e9z! Mutass neki egy olyan otthont, amelyre \u0151 is v\u00e1gyik! Hiszen az aut\u00f3t is lemosatja, kipucolja az ember, miel\u0151tt \u00e1ruba bocs\u00e1tja, tedd az ingatlant is tetszet\u0151ss\u00e9, vonz\u00f3v\u00e1 a vev\u0151 sz\u00e1m\u00e1ra!<\/p>\n<h4>Ebben seg\u00edt neked a Design Commando!<\/h4>\n<p><em>\u00c9rt\u00e9kes\u00edtsd te is az otthonod! Alak\u00edtsuk olyann\u00e1, amilyet a c\u00e9lcsoport keres. Ne feledd, a vev\u0151nek kell, hogy tessen, m\u00e1r nem neked! H\u00edvj minket, mi pedig egy vonz\u00f3 csomagot \u00e1ll\u00edtunk vill\u00e1mgyorsan, meglep\u0151en alacsony \u00e1ron!<\/em><\/p>\n<\/div>\n<div class=\"clear\"><\/div>\n","protected":false},"excerpt":{"rendered":"<p>Ingatlan elad\u00e1s \u00e9s ingatlan \u00e9rt\u00e9kes\u00edt\u00e9s k\u00f6zt hatalmas k\u00fcl\u00f6nbs\u00e9g van! Aki elad, \u00fagy gondolkodik, hogy itt van, ilyen, ha tetszik, h\u00e1t vedd meg. Az elad\u00f3 teljesen a v\u00e9letlenre b\u00edzza, hogy valakinek pont ilyen ingatlanra van-e sz\u00fcks\u00e9ge. Azonban aki \u00e9rt\u00e9kes\u00edt, az nem b\u00edzza a v\u00e9letlenre: olyat \u00e1rul, amire a vev\u0151nek sz\u00fcks\u00e9ge van! Az \u00e9rt\u00e9kes\u00edt\u0151 igyekszik vonz\u00f3v\u00e1, a [&hellip;]<\/p>\n","protected":false},"author":1,"featured_media":169,"parent":0,"menu_order":0,"comment_status":"closed","ping_status":"closed","template":"","meta":{"ngg_post_thumbnail":0,"footnotes":""},"_links":{"self":[{"href":"https:\/\/designcommando.hu\/index.php?rest_route=\/wp\/v2\/pages\/76"}],"collection":[{"href":"https:\/\/designcommando.hu\/index.php?rest_route=\/wp\/v2\/pages"}],"about":[{"href":"https:\/\/designcommando.hu\/index.php?rest_route=\/wp\/v2\/types\/page"}],"author":[{"embeddable":true,"href":"https:\/\/designcommando.hu\/index.php?rest_route=\/wp\/v2\/users\/1"}],"replies":[{"embeddable":true,"href":"https:\/\/designcommando.hu\/index.php?rest_route=%2Fwp%2Fv2%2Fcomments&post=76"}],"version-history":[{"count":2,"href":"https:\/\/designcommando.hu\/index.php?rest_route=\/wp\/v2\/pages\/76\/revisions"}],"predecessor-version":[{"id":353,"href":"https:\/\/designcommando.hu\/index.php?rest_route=\/wp\/v2\/pages\/76\/revisions\/353"}],"wp:featuredmedia":[{"embeddable":true,"href":"https:\/\/designcommando.hu\/index.php?rest_route=\/wp\/v2\/media\/169"}],"wp:attachment":[{"href":"https:\/\/designcommando.hu\/index.php?rest_route=%2Fwp%2Fv2%2Fmedia&parent=76"}],"curies":[{"name":"wp","href":"https:\/\/api.w.org\/{rel}","templated":true}]}}