{"id":20,"date":"2016-03-03T15:33:46","date_gmt":"2016-03-03T15:33:46","guid":{"rendered":"https:\/\/designcommando.hu\/redesign\/?page_id=20"},"modified":"2016-05-09T13:41:03","modified_gmt":"2016-05-09T13:41:03","slug":"kapcsolat","status":"publish","type":"page","link":"https:\/\/designcommando.hu\/?page_id=20","title":{"rendered":"Kapcsolat"},"content":{"rendered":"<div id=\"pl-20\"  class=\"panel-layout\" ><div id=\"pg-20-0\"  class=\"panel-grid panel-no-style\" ><div id=\"pgc-20-0-0\"  class=\"panel-grid-cell\" ><div id=\"panel-20-0-0-0\" class=\"so-panel widget widget_text panel-first-child panel-last-child\" data-index=\"0\" ><h3 class=\"widget-title\">Kapcsolatfelv\u00e9tel<\/h3>\t\t\t<div class=\"textwidget\">\n<div class=\"wpcf7 no-js\" id=\"wpcf7-f108-o1\" lang=\"hu-HU\" dir=\"ltr\">\n<div class=\"screen-reader-response\"><p role=\"status\" aria-live=\"polite\" aria-atomic=\"true\"><\/p> <ul><\/ul><\/div>\n<form action=\"\/index.php?rest_route=%2Fwp%2Fv2%2Fpages%2F20#wpcf7-f108-o1\" method=\"post\" class=\"wpcf7-form init\" aria-label=\"Kapcsolatfelv\u00e9teli \u0171rlap\" novalidate=\"novalidate\" data-status=\"init\">\n<div style=\"display: none;\">\n<input type=\"hidden\" name=\"_wpcf7\" value=\"108\" \/>\n<input type=\"hidden\" name=\"_wpcf7_version\" value=\"5.8.4\" \/>\n<input type=\"hidden\" name=\"_wpcf7_locale\" value=\"hu_HU\" \/>\n<input type=\"hidden\" name=\"_wpcf7_unit_tag\" value=\"wpcf7-f108-o1\" \/>\n<input type=\"hidden\" name=\"_wpcf7_container_post\" value=\"0\" \/>\n<input type=\"hidden\" name=\"_wpcf7_posted_data_hash\" value=\"\" \/>\n<\/div>\n<p><span class=\"wpcf7-form-control-wrap\" data-name=\"text-485\"><input size=\"40\" class=\"wpcf7-form-control wpcf7-text wpcf7-validates-as-required\" aria-required=\"true\" aria-invalid=\"false\" placeholder=\"Vezet\u00e9kn\u00e9v\" value=\"\" type=\"text\" name=\"text-485\" \/><\/span>\n<\/p>\n<p><span class=\"wpcf7-form-control-wrap\" data-name=\"text-501\"><input size=\"40\" class=\"wpcf7-form-control wpcf7-text wpcf7-validates-as-required\" aria-required=\"true\" aria-invalid=\"false\" placeholder=\"Keresztn\u00e9v\" value=\"\" type=\"text\" name=\"text-501\" \/><\/span>\n<\/p>\n<p><span class=\"wpcf7-form-control-wrap\" data-name=\"email-598\"><input size=\"40\" class=\"wpcf7-form-control wpcf7-email wpcf7-validates-as-required wpcf7-text wpcf7-validates-as-email\" aria-required=\"true\" aria-invalid=\"false\" placeholder=\"E-mail c\u00edm\" value=\"\" type=\"email\" name=\"email-598\" \/><\/span>\n<\/p>\n<p><span class=\"wpcf7-form-control-wrap\" data-name=\"text-99\"><input size=\"40\" class=\"wpcf7-form-control wpcf7-text wpcf7-validates-as-required\" aria-required=\"true\" aria-invalid=\"false\" placeholder=\"Telefonsz\u00e1m\" value=\"\" type=\"text\" name=\"text-99\" \/><\/span>\n<\/p>\n<p><span class=\"wpcf7-form-control-wrap\" data-name=\"textarea-140\"><textarea cols=\"40\" rows=\"10\" class=\"wpcf7-form-control wpcf7-textarea\" aria-invalid=\"false\" placeholder=\"\u00dczenet\" name=\"textarea-140\"><\/textarea><\/span>\n<\/p>\n<p><input class=\"wpcf7-form-control wpcf7-submit has-spinner\" type=\"submit\" value=\"K\u00fcld\u00e9s\" \/>\n<\/p><div class=\"wpcf7-response-output\" aria-hidden=\"true\"><\/div>\n<\/form>\n<\/div>\n<\/div>\n\t\t<\/div><\/div><div id=\"pgc-20-0-1\"  class=\"panel-grid-cell\" ><div id=\"panel-20-0-1-0\" class=\"so-panel widget widget_sow-editor panel-first-child panel-last-child\" data-index=\"1\" ><div\n\t\t\t\n\t\t\tclass=\"so-widget-sow-editor so-widget-sow-editor-base\"\n\t\t\t\n\t\t>\n<div class=\"siteorigin-widget-tinymce textwidget\">\n\t<h3><strong>Ambrus Barbara<\/strong><br \/>Lak\u00e1stextil-tervez\u0151, f\u00fcgg\u00f6ny\u00f6z\u00e9s specialista<\/h3>\n<p><strong>E-mail:<\/strong><br \/><a href=\"mailto:barbara@designcommando.hu\">barbara@designcommando.hu<\/a><\/p>\n<p>Minden email-re igyekszem 24 \u00f3r\u00e1n bel\u00fcl v\u00e1laszolni.<br \/>K\u00e9rlek, ne k\u00fcldj spam-et \u00e9s ne k\u00e9rj ingyenes tan\u00e1csokat! Ezeket a leveleket automatikusan t\u00f6rl\u00f6m.<\/p>\n<p>Amennyiben f\u00fcgg\u00f6ny\u00f6z\u00e9ssel, lakberendez\u00e9ssel kapcsolatban keresel, k\u00e9rlek v\u00e1lassz a sz\u00e1modra kialak\u00edtott csomagok k\u00f6z\u00fcl: (link)<br \/>Ha bizonytalan vagy 9-18 \u00f3ra k\u00f6z\u00f6tt el\u00e9rhetsz ezen a sz\u00e1mon:<br \/>+36 70 247 7176<\/p>\n<p>Amennyiben ingyenes tud\u00e1sanyagot szeretn\u00e9l a t\u00e9m\u00e1ban t\u00f6ltsd le a tanulm\u00e1nyaimat (link), gyere \u00e9s olvasd a blogomat (link) vagy csatlakozz a Facebook( Link ) oldalamhoz.<\/p>\n<p><strong>Levelez\u00e9si c\u00edm:<\/strong><br \/>1126. Budapest, Gyimes utca 10.<\/p>\n<\/div>\n<\/div><\/div><\/div><\/div><div id=\"pg-20-1\"  class=\"panel-grid panel-no-style\" ><div id=\"pgc-20-1-0\"  class=\"panel-grid-cell\" ><div id=\"panel-20-1-0-0\" class=\"so-panel widget widget_sow-editor panel-first-child panel-last-child\" data-index=\"2\" ><div\n\t\t\t\n\t\t\tclass=\"so-widget-sow-editor so-widget-sow-editor-base\"\n\t\t\t\n\t\t><h3 class=\"widget-title\">Hivatalos<\/h3>\n<div class=\"siteorigin-widget-tinymce textwidget\">\n\t<\/div>\n<\/div><\/div><\/div><\/div><div id=\"pg-20-2\"  class=\"panel-grid panel-no-style\" ><div id=\"pgc-20-2-0\"  class=\"panel-grid-cell\" ><div id=\"panel-20-2-0-0\" class=\"so-panel widget widget_sow-editor panel-first-child panel-last-child\" data-index=\"3\" ><div\n\t\t\t\n\t\t\tclass=\"so-widget-sow-editor so-widget-sow-editor-base\"\n\t\t\t\n\t\t>\n<div class=\"siteorigin-widget-tinymce textwidget\">\n\t<p><strong>Az \u00fczemeletet\u0151 adatai<\/strong><\/p>\n<p>N\u00e9v: Design Commando Kft.<br \/>Sz\u00e9khely: 1126 Budapest, Gyimes utca 10.<br \/>Postac\u00edm: 1126 Budapest, Gyimes utca 10.<br \/>C\u00e9gjegyz\u00e9ksz\u00e1m: <br \/>Ad\u00f3sz\u00e1m: 14790429-2-41<br \/>EU ad\u00f3sz\u00e1ma: HU14790429<br \/>Kamarai nyilv\u00e1ntart\u00e1si sz\u00e1m: (Budapesti Kereskedelmi \u00e9s Iparkamara)<br \/>Adatkezel\u00e9si nyilv\u00e1ntart\u00e1si sz\u00e1m: NAIH-<\/p>\n<p>\u00a0<\/p>\n<\/div>\n<\/div><\/div><\/div><div id=\"pgc-20-2-1\"  class=\"panel-grid-cell\" ><div id=\"panel-20-2-1-0\" class=\"so-panel widget widget_sow-editor panel-first-child panel-last-child\" data-index=\"4\" ><div\n\t\t\t\n\t\t\tclass=\"so-widget-sow-editor so-widget-sow-editor-base\"\n\t\t\t\n\t\t>\n<div class=\"siteorigin-widget-tinymce textwidget\">\n\t<p><strong>Az \u00fczemeltet\u0151 el\u00e9rhet\u0151s\u00e9ge<\/strong><\/p>\n<p>Ambrus Barbara \u00fcgyvezet\u0151 igazgat\u00f3,<\/p>\n<p>e-mail: <a href=\"mailto:barbara@designcomamndo.hu\">barbara@designcomamndo.hu<\/a><\/p>\n<p>\u00a0<\/p>\n<\/div>\n<\/div><\/div><\/div><div id=\"pgc-20-2-2\"  class=\"panel-grid-cell\" ><div id=\"panel-20-2-2-0\" class=\"so-panel widget widget_sow-editor panel-first-child panel-last-child\" data-index=\"5\" ><div\n\t\t\t\n\t\t\tclass=\"so-widget-sow-editor so-widget-sow-editor-base\"\n\t\t\t\n\t\t>\n<div class=\"siteorigin-widget-tinymce textwidget\">\n\t<p><strong>T\u00e1rhelyszolg\u00e1ltat\u00f3<\/strong><\/p>\n<p>N\u00e9v: MicroStation Kereskedelmi \u00e9s Szolg\u00e1ltat\u00f3 Kft.<br \/> C\u00edme: 2615, Cs\u0151v\u00e1r Mad\u00e1ch utca 1.<br \/> C\u00e9gjegyz\u00e9ksz\u00e1m: 13-09-154724<br \/> El\u00e9rhet\u0151s\u00e9gek: 06-20-321-7477<br \/> Email-c\u00edm:\u00a0<a href=\"mailto:info@microstation.hu\">info@microstation.hu<\/a><\/p>\n<\/div>\n<\/div><\/div><\/div><\/div><\/div>","protected":false},"excerpt":{"rendered":"<p>Ambrus BarbaraLak\u00e1stextil-tervez\u0151, f\u00fcgg\u00f6ny\u00f6z\u00e9s specialistaE-mail:barbara@designcommando.huMinden email-re igyekszem 24 \u00f3r\u00e1n bel\u00fcl v\u00e1laszolni.K\u00e9rlek, ne k\u00fcldj spam-et \u00e9s ne k\u00e9rj ingyenes tan\u00e1csokat! Ezeket a leveleket automatikusan t\u00f6rl\u00f6m.Amennyiben f\u00fcgg\u00f6ny\u00f6z\u00e9ssel, lakberendez\u00e9ssel kapcsolatban keresel, k\u00e9rlek v\u00e1lassz a sz\u00e1modra kialak\u00edtott csomagok k\u00f6z\u00fcl: (link)Ha bizonytalan vagy 9-18 \u00f3ra k\u00f6z\u00f6tt el\u00e9rhetsz ezen a sz\u00e1mon:+36 70 247 7176Amennyiben ingyenes tud\u00e1sanyagot szeretn\u00e9l a t\u00e9m\u00e1ban t\u00f6ltsd le a [&hellip;]<\/p>\n","protected":false},"author":1,"featured_media":0,"parent":0,"menu_order":0,"comment_status":"closed","ping_status":"closed","template":"","meta":{"ngg_post_thumbnail":0,"footnotes":""},"_links":{"self":[{"href":"https:\/\/designcommando.hu\/index.php?rest_route=\/wp\/v2\/pages\/20"}],"collection":[{"href":"https:\/\/designcommando.hu\/index.php?rest_route=\/wp\/v2\/pages"}],"about":[{"href":"https:\/\/designcommando.hu\/index.php?rest_route=\/wp\/v2\/types\/page"}],"author":[{"embeddable":true,"href":"https:\/\/designcommando.hu\/index.php?rest_route=\/wp\/v2\/users\/1"}],"replies":[{"embeddable":true,"href":"https:\/\/designcommando.hu\/index.php?rest_route=%2Fwp%2Fv2%2Fcomments&post=20"}],"version-history":[{"count":16,"href":"https:\/\/designcommando.hu\/index.php?rest_route=\/wp\/v2\/pages\/20\/revisions"}],"predecessor-version":[{"id":699,"href":"https:\/\/designcommando.hu\/index.php?rest_route=\/wp\/v2\/pages\/20\/revisions\/699"}],"wp:attachment":[{"href":"https:\/\/designcommando.hu\/index.php?rest_route=%2Fwp%2Fv2%2Fmedia&parent=20"}],"curies":[{"name":"wp","href":"https:\/\/api.w.org\/{rel}","templated":true}]}}